{"id":4,"date":"2019-09-03T06:45:05","date_gmt":"2019-09-03T06:45:05","guid":{"rendered":"http:\/\/localhost:8020\/webseite_2021\/?p=4"},"modified":"2026-01-12T12:42:35","modified_gmt":"2026-01-12T12:42:35","slug":"kunden","status":"publish","type":"page","link":"https:\/\/intraplan.digital\/index.php\/kunden\/","title":{"rendered":"Kunden"},"content":{"rendered":"<h1>Unsere Kunden<\/h1>\n<h2>\u00dcbersicht unserer Kunden<\/h2>\n<p><a href=\"#card\">[arrow-down]<\/a><\/p>\n<h1>Ausgew\u00e4hlte Referenzprojekte<\/h1>\n<ul>\n<li>\n<p>        <img decoding=\"async\" src=\"\/wp-content\/uploads\/2025\/10\/BMBFSFJ.jpg\" alt=\"\"><\/p>\n<h3>Ressortplanung im Bundesministerium f\u00fcr Bildung, Familie, Senioren, Frauen und Jugend<\/h3>\n<div>\n<p>Neben der Meldung von Kabinettsvorhaben an das Kanzleramt unterst\u00fctzt Intraplan im BMBFSFJ vor allem die strategische Ressortplanung des Planungsstabs. Auch das parlamentarische Fragewesen sowie die \u00fcbergreifende Terminplanung werden \u00fcber die internetbasierte Software seit vielen Jahren erfolgreich gesteuert.<\/p>\n<\/div>\n<\/li>\n<li>\n<p>        <img decoding=\"async\" src=\"\/wp-content\/uploads\/2021\/03\/hamburg-senatskanzlei-logo.png\" alt=\"\"><\/p>\n<h3>Regierungsplanung in der Freien Hansestadt Hamburg<\/h3>\n<div>\n<p>Die Hamburger Senatskanzlei nutzt Intraplan seit 2015 als zentrales Werkzeug ihrer Regierungsplanung. Intraplan unterst\u00fctzt die Workflows zwischen der Senatskanzlei und den Beh\u00f6rden ressort\u00fcbergreifend, um den Umsetzungsstand der politischen Vorhaben aus dem Koalitionsvertrag der Landesregierung jederzeit abrufen zu k\u00f6nnen.<\/p>\n<p>Die Anwendung wurde um Zusatzmodule wie Baukosten-Monitoring, Pressemodul sowie B\u00fcrgerschaftliche Ersuchen erweitert.<\/p>\n<\/div>\n<\/li>\n<li>\n<p>        <img decoding=\"async\" src=\"\/wp-content\/uploads\/2021\/03\/agendo-senatskanzlei-berlin.png\" alt=\"\"><\/p>\n<h3>Regierungsplanung in der Senatskanzlei Berlin<\/h3>\n<div>\n<p>Die Senatskanzlei Berlin nutzt Intraplan seit 2017 als zentrales Werkzeug zur Regierungsplanung. Intraplan unterst\u00fctzt die Workflows zwischen der Senatskanzlei und den Senatsverwaltungen ressort\u00fcbergreifend, um den Umsetzungsstand der politischen Vorhaben der Landesregierung jederzeit nachvollziehbar zu gestalten.<\/p>\n<\/div>\n<\/li>\n<li>\n<p>        <img decoding=\"async\" src=\"\/wp-content\/uploads\/2021\/03\/logo_Stadt-Winterthur_klein-1.jpg\" alt=\"\"><\/p>\n<h3>Strategische Vorhabenplanung in der Stadt Winterthur<\/h3>\n<div>\n<p>Die Stadt Winterthur setzt auf Intraplan, um zentral ihre strategische Vorhabenplanung mit den angebundenen Departementen zu realisieren. F\u00fcr das Vorhaben-Controlling wurden differenzierte Widgets geschaffen, die eine grafische Auswertung in Bezug auf bestimmte Kategorien und Informationen aus den Vorhabenakten liefern.<\/p>\n<\/div>\n<\/li>\n<li>\n<p>        <img decoding=\"async\" src=\"\/wp-content\/uploads\/2021\/03\/bayerisches-staatsministerium-fuer-digitales.png\" alt=\"\"><\/p>\n<h3>OZG Manager im Bayerischen Staatsministerium f\u00fcr Digitales<\/h3>\n<div>\n<p>Dem Bayerischen Staatsministerium f\u00fcr Digitales steht der OZG Manager f\u00fcr die Koordinierung und Umsetzung der Projekte des Onlinezugangsgesetzes (OZG) in Bayern zur Seite. Das OZG Management-Tool erm\u00f6glicht eine \u00fcbergreifende Planung und Zusammenarbeit zwischen den Landesministerien, Beh\u00f6rden, Kommunen und Beteiligten und schafft somit aktuelle Ausk\u00fcnfte zu den Projektfortschritten.<\/p>\n<\/div>\n<\/li>\n<\/ul>\n<div>\n<h3>Verwaltung, Politik und Unternehmen<\/h3>\n<p>Unsere Kunden <\/p>\n<div>\n<p class=\"lead\">Intraplan hat sich in \u00fcber 20 Jahren auf dem Markt erfolgreich etabliert. Unsere L\u00f6sung f\u00fcr die politischen und strategischen Planungsprozesse ist bereits in 9 Bundesl\u00e4ndern und in der Schweiz im Einsatz.<\/p>\n<\/div>\n<\/div>\n<p>\n    <a href=\"\/index.php?page_id=20\">L\u00f6sungen<\/a>\n<\/p>\n<p><img decoding=\"async\" src=\"\/wp-content\/uploads\/2021\/03\/karte_mit_berlin-4.svg\" alt=\"\"><\/p>\n<ul>\n<li>\n<p>        <img decoding=\"async\" src=\"\/wp-content\/uploads\/2025\/10\/BMUKN.jpg\" alt=\"\"><\/p>\n<div>\n<p>www.bundesumweltministerium.de<\/p>\n<\/div>\n<\/li>\n<li>\n<p>        <img decoding=\"async\" src=\"\/wp-content\/uploads\/2025\/10\/SMS-scaled.jpg\" alt=\"\"><\/p>\n<div>\n<p><a href=\"https:\/\/www.sms.sachsen.de\/\" class=\"el-link uk-button uk-button-text\" target=\"_blank\" rel=\"noopener\">www.sms.sachsen.de<\/a><\/p>\n<\/div>\n<\/li>\n<li>\n<p>        <img decoding=\"async\" src=\"\/wp-content\/uploads\/2025\/10\/SMT-BAWU.jpg\" alt=\"\"><\/p>\n<div><a href=\"https:\/\/stm.baden-wuerttemberg.de\/\" class=\"el-link uk-button uk-button-text\" target=\"_blank\">stm.baden-wuerttemberg.de<\/a>\n<\/div>\n<\/li>\n<li>\n<p>        <img decoding=\"async\" src=\"\/wp-content\/uploads\/2021\/03\/agendo-senatskanzlei-berlin.png\" alt=\"\"><\/p>\n<div><a href=\"https:\/\/www.berlin.de\/rbmskzl\/\" class=\"el-link uk-button uk-button-text\" target=\"_blank\">www.berlin.de<\/a>\n<\/div>\n<\/li>\n<li>\n<p>        <img decoding=\"async\" src=\"\/wp-content\/uploads\/2021\/03\/hamburg-senatskanzlei-logo.png\" alt=\"\"><\/p>\n<div><a href=\"https:\/\/www.hamburg.de\/senatskanzlei\/\" class=\"el-link uk-button uk-button-text\" target=\"_blank\">www.hamburg.de<\/a>\n<\/div>\n<\/li>\n<li>\n<p>        <img decoding=\"async\" src=\"\/wp-content\/uploads\/2021\/03\/agendo-freistaat-thueringen.png\" alt=\"\"><\/p>\n<div><a href=\"https:\/\/www.staatskanzlei-thueringen.de\/\" class=\"el-link uk-button uk-button-text\" target=\"_blank\">www.staatskanzlei-thueringen.de<\/a>\n<\/div>\n<\/li>\n<li>\n<p>        <img decoding=\"async\" src=\"\/wp-content\/uploads\/2021\/03\/BMWi.png\" alt=\"\"><\/p>\n<div><a href=\"https:\/\/www.bmwi.de\/\" class=\"el-link uk-button uk-button-text\" target=\"_blank\">www.bmwi.de<\/a>\n<\/div>\n<\/li>\n<li>\n<p>        <img decoding=\"async\" src=\"\/wp-content\/uploads\/2021\/03\/BMF_Logo.png\" alt=\"\"><\/p>\n<div><a href=\"https:\/\/www.bundesfinanzministerium.de\/\" class=\"el-link uk-button uk-button-text\" target=\"_blank\">www.bundesfinanzministerium.de<\/a>\n<\/div>\n<\/li>\n<li>\n<p>        <img decoding=\"async\" src=\"\/wp-content\/uploads\/2025\/10\/BMBFSFJ.jpg\" alt=\"\"><\/p>\n<div>\n<p>www.bmbfsfj.bund.de<\/p>\n<\/div>\n<\/li>\n<li>\n<p>        <img decoding=\"async\" src=\"\/wp-content\/uploads\/2025\/10\/SK-Sachsen.jpg\" alt=\"\"><\/p>\n<div><a href=\"https:\/\/www.sk.sachsen.de\/\" class=\"el-link uk-button uk-button-text\" target=\"_blank\">www.sk.sachsen.de<\/a>\n<\/div>\n<\/li>\n<li>\n<p>        <img decoding=\"async\" src=\"\/wp-content\/uploads\/2021\/03\/logo_Stadt-Winterthur_klein-1.jpg\" alt=\"\"><\/p>\n<div><a href=\"https:\/\/stadt.winterthur.ch\/\" class=\"el-link uk-button uk-button-text\" target=\"_blank\">stadt.winterthur.ch<\/a>\n<\/div>\n<\/li>\n<li>\n<p>        <img decoding=\"async\" src=\"\/wp-content\/uploads\/2025\/10\/stmf_wappen-1.png\" alt=\"\"><\/p>\n<div>\n<p>www.stmfh.bayern.de<\/p>\n<\/div>\n<\/li>\n<li>\n<p>        <img decoding=\"async\" src=\"\/wp-content\/uploads\/2021\/03\/bayerisches-staatsministerium-fuer-digitales.png\" alt=\"\"><\/p>\n<div><a href=\"https:\/\/www.stmd.bayern.de\/\" class=\"el-link uk-button uk-button-text\" target=\"_blank\">www.stmd.bayern.de<\/a>\n<\/div>\n<\/li>\n<li>\n<p>        <img decoding=\"async\" src=\"\/wp-content\/uploads\/2021\/03\/anhalt.jpg\" alt=\"\"><\/p>\n<div>\n<p><a href=\"https:\/\/stk.sachsen-anhalt.de\/staatskanzlei-und-ministerium-fuer-kultur\/\" class=\"el-link uk-button uk-button-text\" target=\"_blank\" rel=\"noopener\">stk.sachsen-anhalt.de<\/a><\/p>\n<\/div>\n<\/li>\n<li>\n<p>        <img decoding=\"async\" src=\"\/wp-content\/uploads\/2025\/10\/MID-Sachsen-Anhalt.jpg\" alt=\"\"><\/p>\n<div>\n<p>mid.sachsen-anhalt.de<\/p>\n<\/div>\n<\/li>\n<li>\n<p>        <img decoding=\"async\" src=\"\/wp-content\/uploads\/2025\/10\/SMUL.jpg\" alt=\"\"><\/p>\n<div><a href=\"https:\/\/www.smul.sachsen.de\/\" class=\"el-link uk-button uk-button-text\" target=\"_blank\">www.smul.sachsen.de<\/a>\n<\/div>\n<\/li>\n<li>\n<p>        <img decoding=\"async\" src=\"\/wp-content\/uploads\/2025\/10\/SK-HB.jpg\" alt=\"\"><\/p>\n<div>\n<p>www.rathaus.bremen.de<\/p>\n<\/div>\n<\/li>\n<li>\n<p>        <img decoding=\"async\" src=\"\/wp-content\/uploads\/2025\/10\/GTAI.jpg\" alt=\"\"><\/p>\n<div>\n<p>www.gtai.de<\/p>\n<\/div>\n<\/li>\n<li>\n<p>        <img decoding=\"async\" src=\"\/wp-content\/uploads\/2025\/10\/SK-BB.png\" alt=\"\"><\/p>\n<div>\n<p><a href=\"https:\/\/www.brandenburg.de\/de\/staatskanzlei\/bb1.c.482252.de\">www.brandenburg.de<\/a><\/p>\n<\/div>\n<\/li>\n<li>\n<p>        <img decoding=\"async\" src=\"\/wp-content\/uploads\/2025\/10\/SK-BB.png\" alt=\"\"><\/p>\n<div>\n<p>mdjd.brandenburg.de<\/p>\n<\/div>\n<\/li>\n<\/ul>\n<p><!--more--><br \/>\n<!-- {\"type\":\"layout\",\"children\":[{\"type\":\"section\",\"props\":{\"header_transparent\":\"light\",\"header_transparent_noplaceholder\":true,\"height\":\"full\",\"image_position\":\"center-center\",\"padding\":\"large\",\"style\":\"secondary\",\"title_breakpoint\":\"xl\",\"title_position\":\"top-left\",\"title_rotation\":\"left\",\"vertical_align\":\"middle\",\"width\":\"large\"},\"children\":[{\"type\":\"row\",\"children\":[{\"type\":\"column\",\"props\":{\"image\":\"wp-content\\\/uploads\\\/yootheme\\\/home-hero-texture.svg\",\"image_position\":\"center-center\",\"media_overlay_gradient\":\"\",\"position_sticky_breakpoint\":\"m\"},\"children\":[{\"type\":\"headline\",\"props\":{\"animation\":\"parallax\",\"content\":\"Unsere Kunden\",\"maxwidth_breakpoint\":\"m\",\"parallax_easing\":\"1\",\"text_align\":\"left\",\"text_align_breakpoint\":\"m\",\"text_align_fallback\":\"center\",\"title_decoration\":\"line\",\"title_element\":\"h1\",\"title_style\":\"h6\"}},{\"type\":\"headline\",\"props\":{\"content\":\"\\u00dcbersicht unserer Kunden\",\"css\":\".el-element {\\n    margin-left: -4px;\\n}\",\"title_element\":\"h2\",\"title_style\":\"heading-large\"}},{\"type\":\"icon\",\"props\":{\"animation\":\"parallax\",\"icon\":\"arrow-down\",\"icon_width\":\"30\",\"link\":\"#card\",\"margin\":\"default\",\"parallax_easing\":\"0.3\",\"parallax_opacity\":\"1,0\",\"parallax_target\":\"!.uk-section\",\"parallax_y\":\"0,450\",\"text_align\":\"left\",\"text_align_breakpoint\":\"m\",\"text_align_fallback\":\"center\"}}]}]}],\"name\":\"Hero\"},{\"type\":\"section\",\"props\":{\"header_transparent_noplaceholder\":false,\"height\":\"percent\",\"image_position\":\"center-center\",\"style\":\"default\",\"title_breakpoint\":\"xl\",\"title_position\":\"top-left\",\"title_rotation\":\"left\",\"vertical_align\":\"middle\",\"width\":\"default\"},\"children\":[{\"type\":\"row\",\"children\":[{\"type\":\"column\",\"props\":{\"image_position\":\"center-center\",\"media_overlay_gradient\":\"\",\"position_sticky_breakpoint\":\"m\",\"width_medium\":\"\"},\"children\":[{\"type\":\"headline\",\"props\":{\"content\":\"Ausgew\\u00e4hlte Referenzprojekte\",\"title_element\":\"h1\"}},{\"type\":\"switcher\",\"props\":{\"content_column\":\"\",\"content_column_breakpoint\":\"m\",\"content_dropcap\":false,\"content_margin\":\"medium\",\"image_align\":\"top\",\"image_grid_breakpoint\":\"m\",\"image_grid_width\":\"1-2\",\"image_svg_color\":\"emphasis\",\"image_width\":\"200px\",\"link_style\":\"default\",\"link_text\":\"Read more\",\"margin\":\"large\",\"meta_align\":\"below-title\",\"meta_element\":\"div\",\"meta_style\":\"text-meta\",\"nav\":\"tab\",\"nav_align\":\"left\",\"nav_grid_breakpoint\":\"m\",\"nav_grid_column_gap\":\"large\",\"nav_grid_row_gap\":\"large\",\"nav_grid_width\":\"1-3\",\"nav_margin\":\"large\",\"nav_position\":\"left\",\"nav_vertical_align\":false,\"show_content\":true,\"show_image\":true,\"show_label\":true,\"show_link\":true,\"show_meta\":true,\"show_thumbnail\":true,\"show_title\":true,\"switcher_animation\":\"fade\",\"switcher_height\":true,\"thumbnav_height\":\"75\",\"thumbnav_svg_color\":\"emphasis\",\"thumbnav_width\":\"100\",\"title_align\":\"top\",\"title_element\":\"h3\",\"title_grid_breakpoint\":\"m\",\"title_grid_width\":\"1-2\",\"title_margin\":\"large\"},\"children\":[{\"type\":\"switcher_item\",\"props\":{\"content\":\"\n\n<p>Neben der Meldung von Kabinettsvorhaben an das Kanzleramt unterst\\u00fctzt Intraplan im BMBFSFJ vor allem die strategische Ressortplanung des Planungsstabs. Auch das parlamentarische Fragewesen sowie die \\u00fcbergreifende Terminplanung werden \\u00fcber die internetbasierte Software seit vielen Jahren erfolgreich gesteuert.<\\\/p>\",\"image\":\"wp-content\\\/uploads\\\/2025\\\/10\\\/BMBFSFJ.jpg\",\"label\":\"Bundesministerium f\\u00fcr Bildung, Familie ...\",\"meta\":\"\",\"thumbnail\":\"\",\"title\":\"Ressortplanung im Bundesministerium f\\u00fcr Bildung, Familie, Senioren, Frauen und Jugend\"}},{\"type\":\"switcher_item\",\"props\":{\"content\":\"\n\n<p>Die Hamburger Senatskanzlei nutzt Intraplan seit 2015 als zentrales Werkzeug ihrer Regierungsplanung. Intraplan unterst\\u00fctzt die Workflows zwischen der Senatskanzlei und den Beh\\u00f6rden ressort\\u00fcbergreifend, um den Umsetzungsstand der politischen Vorhaben aus dem Koalitionsvertrag der Landesregierung jederzeit abrufen zu k\\u00f6nnen.<\\\/p>\\n\n\n<p>Die Anwendung wurde um Zusatzmodule wie Baukosten-Monitoring, Pressemodul sowie B\\u00fcrgerschaftliche Ersuchen erweitert.<\\\/p>\",\"image\":\"wp-content\\\/uploads\\\/2021\\\/03\\\/hamburg-senatskanzlei-logo.png\",\"label\":\"Senatskanzlei Hamburg\",\"meta\":\"\",\"title\":\"Regierungsplanung in der Freien Hansestadt Hamburg\"}},{\"type\":\"switcher_item\",\"props\":{\"content\":\"\n\n<p>Die Senatskanzlei Berlin nutzt Intraplan seit 2017 als zentrales Werkzeug zur Regierungsplanung. Intraplan unterst\\u00fctzt die Workflows zwischen der Senatskanzlei und den Senatsverwaltungen ressort\\u00fcbergreifend, um den Umsetzungsstand der politischen Vorhaben der Landesregierung jederzeit nachvollziehbar zu gestalten.<\\\/p>\",\"image\":\"wp-content\\\/uploads\\\/2021\\\/03\\\/agendo-senatskanzlei-berlin.png\",\"label\":\"Senatskanzlei Berlin\",\"title\":\"Regierungsplanung in der Senatskanzlei Berlin\"}},{\"type\":\"switcher_item\",\"props\":{\"content\":\"\n\n<p>Die Stadt Winterthur setzt auf Intraplan, um zentral ihre strategische Vorhabenplanung mit den angebundenen Departementen zu realisieren. F\\u00fcr das Vorhaben-Controlling wurden differenzierte Widgets geschaffen, die eine grafische Auswertung in Bezug auf bestimmte Kategorien und Informationen aus den Vorhabenakten liefern.<\\\/p>\",\"image\":\"wp-content\\\/uploads\\\/2021\\\/03\\\/logo_Stadt-Winterthur_klein-1.jpg\",\"label\":\"Stadt Winterthur\",\"meta\":\"\",\"title\":\"Strategische Vorhabenplanung in der Stadt Winterthur\"}},{\"type\":\"switcher_item\",\"props\":{\"content\":\"\n\n<p>Dem Bayerischen Staatsministerium f\\u00fcr Digitales steht der OZG Manager f\\u00fcr die Koordinierung und Umsetzung der Projekte des Onlinezugangsgesetzes (OZG) in Bayern zur Seite. Das OZG Management-Tool erm\\u00f6glicht eine \\u00fcbergreifende Planung und Zusammenarbeit zwischen den Landesministerien, Beh\\u00f6rden, Kommunen und Beteiligten und schafft somit aktuelle Ausk\\u00fcnfte zu den Projektfortschritten.<\\\/p>\",\"image\":\"wp-content\\\/uploads\\\/2021\\\/03\\\/bayerisches-staatsministerium-fuer-digitales.png\",\"label\":\"Bayerisches Staatsministerium f\\u00fcr Digitales\",\"title\":\"OZG Manager im Bayerischen Staatsministerium f\\u00fcr Digitales\"}}]}]}]}],\"name\":\"Switcher\"},{\"type\":\"section\",\"props\":{\"header_transparent_noplaceholder\":false,\"height\":\"percent\",\"id\":\"card\",\"image_position\":\"center-center\",\"padding\":\"xlarge\",\"style\":\"default\",\"title_breakpoint\":\"xl\",\"title_position\":\"top-left\",\"title_rotation\":\"left\",\"vertical_align\":\"middle\",\"width\":\"default\"},\"children\":[{\"type\":\"row\",\"children\":[{\"type\":\"column\",\"props\":{\"image_position\":\"center-center\",\"media_overlay_gradient\":\"\",\"position_sticky_breakpoint\":\"m\",\"width_medium\":\"\"},\"children\":[{\"type\":\"panel\",\"props\":{\"content\":\"\n\n<p class=\\\"lead\\\">Intraplan hat sich in \\u00fcber 20 Jahren auf dem Markt erfolgreich etabliert. Unsere L\\u00f6sung f\\u00fcr die politischen und strategischen Planungsprozesse ist bereits in 9 Bundesl\\u00e4ndern und in der Schweiz im Einsatz.<\\\/p>\",\"content_align\":false,\"content_column\":\"\",\"content_column_breakpoint\":\"m\",\"content_dropcap\":false,\"content_style\":\"text-lead\",\"icon\":\"\",\"icon_width\":80,\"image\":\"\",\"image_align\":\"top\",\"image_grid_breakpoint\":\"m\",\"image_grid_width\":\"1-2\",\"image_svg_color\":\"emphasis\",\"image_width\":\"120\",\"link_style\":\"default\",\"link_text\":\"Read more\",\"margin\":\"default\",\"meta\":\"Unsere Kunden \",\"meta_align\":\"above-title\",\"meta_element\":\"div\",\"meta_style\":\"text-meta\",\"panel_card_size\":\"large\",\"title\":\"Verwaltung, Politik und Unternehmen\",\"title_align\":\"top\",\"title_element\":\"h3\",\"title_grid_breakpoint\":\"m\",\"title_grid_width\":\"1-2\",\"title_hover_style\":\"reset\",\"title_style\":\"h2\"}},{\"type\":\"button\",\"props\":{\"button_size\":\"small\",\"grid_column_gap\":\"small\",\"grid_row_gap\":\"small\",\"margin\":\"medium\"},\"children\":[{\"type\":\"button_item\",\"props\":{\"button_style\":\"default\",\"content\":\"L\\u00f6sungen\",\"icon\":\"chevron-right\",\"icon_align\":\"left\",\"link\":\"index.php?page_id=20\"}}]},{\"type\":\"popover\",\"props\":{\"background_image\":\"wp-content\\\/uploads\\\/2021\\\/03\\\/karte_mit_berlin-4.svg\",\"block_align\":\"center\",\"card_link\":false,\"card_size\":\"\",\"card_style\":\"default\",\"css\":\".el-marker {\\n    background: #00689d;\\n}\\n\\n.uk-drop {\\n    border: 1px solid #d7d7d7;\\n}\",\"drop_mode\":\"hover\",\"drop_position\":\"right-center\",\"icon\":\"plus\",\"image_card_padding\":false,\"image_link\":false,\"image_svg_animate\":false,\"image_svg_color\":\"primary\",\"image_svg_inline\":false,\"link_style\":\"\",\"link_text\":\"\",\"margin\":\"default\",\"meta_align\":\"below-title\",\"meta_element\":\"div\",\"meta_style\":\"h5\",\"show_content\":true,\"show_image\":true,\"show_link\":true,\"show_meta\":true,\"show_title\":true,\"title_decoration\":\"divider\",\"title_element\":\"h3\",\"title_hover_style\":\"reset\",\"title_link\":false},\"children\":[{\"type\":\"popover_item\",\"props\":{\"content\":\"\n\n<p>www.bundesumweltministerium.de<\\\/p>\",\"drop_position\":\"right-center\",\"image\":\"wp-content\\\/uploads\\\/2025\\\/10\\\/BMUKN.jpg\",\"link\":\"\",\"meta\":\"\",\"position_x\":\"78\",\"position_y\":\"21\",\"title\":\"\"}},{\"type\":\"popover_item\",\"props\":{\"content\":\"\n\n<p><a href=\\\"https:\\\/\\\/www.sms.sachsen.de\\\/\\\" class=\\\"el-link uk-button uk-button-text\\\" target=\\\"_blank\\\" rel=\\\"noopener\\\">www.sms.sachsen.de<\\\/a><\\\/p>\",\"drop_position\":\"right-center\",\"image\":\"wp-content\\\/uploads\\\/2025\\\/10\\\/SMS-scaled.jpg\",\"link\":\"\",\"meta\":\"\",\"position_x\":\"41\",\"position_y\":\"50\",\"title\":\"\"}},{\"type\":\"popover_item\",\"props\":{\"content\":\"<a href=\\\"https:\\\/\\\/stm.baden-wuerttemberg.de\\\/\\\" class=\\\"el-link uk-button uk-button-text\\\" target=\\\"_blank\\\">stm.baden-wuerttemberg.de<\\\/a>\\n\",\"drop_position\":\"right-center\",\"image\":\"wp-content\\\/uploads\\\/2025\\\/10\\\/SMT-BAWU.jpg\",\"meta\":\"\",\"position_x\":\"19\",\"position_y\":\"73\",\"title\":\"\"}},{\"type\":\"popover_item\",\"props\":{\"content\":\"<a href=\\\"https:\\\/\\\/www.berlin.de\\\/rbmskzl\\\/\\\" class=\\\"el-link uk-button uk-button-text\\\" target=\\\"_blank\\\">www.berlin.de<\\\/a>\\n\",\"image\":\"wp-content\\\/uploads\\\/2021\\\/03\\\/agendo-senatskanzlei-berlin.png\",\"position_x\":\"79\",\"position_y\":\"17\"}},{\"type\":\"popover_item\",\"props\":{\"content\":\"<a href=\\\"https:\\\/\\\/www.hamburg.de\\\/senatskanzlei\\\/\\\" class=\\\"el-link uk-button uk-button-text\\\" target=\\\"_blank\\\">www.hamburg.de<\\\/a>\\n\",\"image\":\"wp-content\\\/uploads\\\/2021\\\/03\\\/hamburg-senatskanzlei-logo.png\",\"position_x\":\"24\",\"position_y\":\"35\"}},{\"type\":\"popover_item\",\"props\":{\"content\":\"<a href=\\\"https:\\\/\\\/www.staatskanzlei-thueringen.de\\\/\\\" class=\\\"el-link uk-button uk-button-text\\\" target=\\\"_blank\\\">www.staatskanzlei-thueringen.de<\\\/a>\\n\",\"image\":\"wp-content\\\/uploads\\\/2021\\\/03\\\/agendo-freistaat-thueringen.png\",\"position_x\":\"26\",\"position_y\":\"52\"}},{\"type\":\"popover_item\",\"props\":{\"content\":\"<a href=\\\"https:\\\/\\\/www.bmwi.de\\\/\\\" class=\\\"el-link uk-button uk-button-text\\\" target=\\\"_blank\\\">www.bmwi.de<\\\/a>\\n\",\"image\":\"wp-content\\\/uploads\\\/2021\\\/03\\\/BMWi.png\",\"position_x\":\"74\",\"position_y\":\"15\"}},{\"type\":\"popover_item\",\"props\":{\"content\":\"<a href=\\\"https:\\\/\\\/www.bundesfinanzministerium.de\\\/\\\" class=\\\"el-link uk-button uk-button-text\\\" target=\\\"_blank\\\">www.bundesfinanzministerium.de<\\\/a>\\n\",\"image\":\"wp-content\\\/uploads\\\/2021\\\/03\\\/BMF_Logo.png\",\"position_x\":\"70\",\"position_y\":\"17\"}},{\"type\":\"popover_item\",\"props\":{\"content\":\"\n\n<p>www.bmbfsfj.bund.de<\\\/p>\",\"image\":\"wp-content\\\/uploads\\\/2025\\\/10\\\/BMBFSFJ.jpg\",\"position_x\":\"71\",\"position_y\":\"23\"}},{\"type\":\"popover_item\",\"props\":{\"content\":\"<a href=\\\"https:\\\/\\\/www.sk.sachsen.de\\\/\\\" class=\\\"el-link uk-button uk-button-text\\\" target=\\\"_blank\\\">www.sk.sachsen.de<\\\/a>\\n\",\"image\":\"wp-content\\\/uploads\\\/2025\\\/10\\\/SK-Sachsen.jpg\",\"position_x\":\"42\",\"position_y\":\"52\"}},{\"type\":\"popover_item\",\"props\":{\"content\":\"<a href=\\\"https:\\\/\\\/stadt.winterthur.ch\\\/\\\" class=\\\"el-link uk-button uk-button-text\\\" target=\\\"_blank\\\">stadt.winterthur.ch<\\\/a>\\n\",\"image\":\"wp-content\\\/uploads\\\/2021\\\/03\\\/logo_Stadt-Winterthur_klein-1.jpg\",\"position_x\":\"16\",\"position_y\":\"86\"}},{\"type\":\"popover_item\",\"props\":{\"content\":\"\n\n<p>www.stmfh.bayern.de<\\\/p>\",\"image\":\"wp-content\\\/uploads\\\/2025\\\/10\\\/stmf_wappen-1.png\",\"position_x\":\"34\",\"position_y\":\"79\"}},{\"type\":\"popover_item\",\"props\":{\"content\":\"<a href=\\\"https:\\\/\\\/www.stmd.bayern.de\\\/\\\" class=\\\"el-link uk-button uk-button-text\\\" target=\\\"_blank\\\">www.stmd.bayern.de<\\\/a>\\n\",\"image\":\"wp-content\\\/uploads\\\/2021\\\/03\\\/bayerisches-staatsministerium-fuer-digitales.png\",\"position_x\":\"35\",\"position_y\":\"78\"}},{\"type\":\"popover_item\",\"props\":{\"content\":\"\n\n<p><a href=\\\"https:\\\/\\\/stk.sachsen-anhalt.de\\\/staatskanzlei-und-ministerium-fuer-kultur\\\/\\\" class=\\\"el-link uk-button uk-button-text\\\" target=\\\"_blank\\\" rel=\\\"noopener\\\">stk.sachsen-anhalt.de<\\\/a><\\\/p>\",\"image\":\"wp-content\\\/uploads\\\/2021\\\/03\\\/anhalt.jpg\",\"position_x\":\"28\",\"position_y\":\"44\"}},{\"type\":\"popover_item\",\"props\":{\"content\":\"\n\n<p>mid.sachsen-anhalt.de<\\\/p>\",\"image\":\"wp-content\\\/uploads\\\/2025\\\/10\\\/MID-Sachsen-Anhalt.jpg\",\"meta\":\"\",\"position_x\":\"30\",\"position_y\":\"44\",\"title\":\"\"}},{\"type\":\"popover_item\",\"props\":{\"content\":\"<a href=\\\"https:\\\/\\\/www.smul.sachsen.de\\\/\\\" class=\\\"el-link uk-button uk-button-text\\\" target=\\\"_blank\\\">www.smul.sachsen.de<\\\/a>\\n\",\"image\":\"wp-content\\\/uploads\\\/2025\\\/10\\\/SMUL.jpg\",\"position_x\":\"43\",\"position_y\":\"50\"}},{\"type\":\"popover_item\",\"props\":{\"content\":\"\n\n<p>www.rathaus.bremen.de<\\\/p>\",\"image\":\"wp-content\\\/uploads\\\/2025\\\/10\\\/SK-HB.jpg\",\"position_x\":\"17\",\"position_y\":\"38\"}},{\"type\":\"popover_item\",\"props\":{\"content\":\"\n\n<p>www.gtai.de<\\\/p>\",\"image\":\"wp-content\\\/uploads\\\/2025\\\/10\\\/GTAI.jpg\",\"position_x\":\"67\",\"position_y\":\"20\"}},{\"type\":\"popover_item\",\"props\":{\"content\":\"\n\n<p><a href=\\\"https:\\\/\\\/www.brandenburg.de\\\/de\\\/staatskanzlei\\\/bb1.c.482252.de\\\">www.brandenburg.de<\\\/a><\\\/p>\",\"image\":\"wp-content\\\/uploads\\\/2025\\\/10\\\/SK-BB.png\",\"position_x\":\"37\",\"position_y\":\"40\"}},{\"type\":\"popover_item\",\"props\":{\"content\":\"\n\n<p>mdjd.brandenburg.de<\\\/p>\",\"image\":\"wp-content\\\/uploads\\\/2025\\\/10\\\/SK-BB.png\",\"position_x\":\"35\",\"position_y\":\"42\"}}]}]}]}],\"name\":\"Karte\"}],\"version\":\"3.0.25\"} --><\/p>\n","protected":false},"excerpt":{"rendered":"<p>Unsere Kunden \u00dcbersicht unserer Kunden [arrow-down] Ausgew\u00e4hlte Referenzprojekte Ressortplanung im Bundesministerium f\u00fcr Bildung, Familie, Senioren, Frauen und Jugend Neben der Meldung von Kabinettsvorhaben an das Kanzleramt unterst\u00fctzt Intraplan im BMBFSFJ vor allem die strategische Ressortplanung des Planungsstabs. Auch das parlamentarische Fragewesen sowie die \u00fcbergreifende Terminplanung werden \u00fcber die internetbasierte Software seit vielen Jahren erfolgreich gesteuert. [&hellip;]<\/p>\n","protected":false},"author":1,"featured_media":0,"parent":0,"menu_order":6,"comment_status":"open","ping_status":"closed","template":"","meta":{"_acf_changed":false,"footnotes":""},"class_list":["post-4","page","type-page","status-publish","hentry"],"acf":[],"jetpack_sharing_enabled":true,"_links":{"self":[{"href":"https:\/\/intraplan.digital\/index.php\/wp-json\/wp\/v2\/pages\/4","targetHints":{"allow":["GET"]}}],"collection":[{"href":"https:\/\/intraplan.digital\/index.php\/wp-json\/wp\/v2\/pages"}],"about":[{"href":"https:\/\/intraplan.digital\/index.php\/wp-json\/wp\/v2\/types\/page"}],"author":[{"embeddable":true,"href":"https:\/\/intraplan.digital\/index.php\/wp-json\/wp\/v2\/users\/1"}],"replies":[{"embeddable":true,"href":"https:\/\/intraplan.digital\/index.php\/wp-json\/wp\/v2\/comments?post=4"}],"version-history":[{"count":150,"href":"https:\/\/intraplan.digital\/index.php\/wp-json\/wp\/v2\/pages\/4\/revisions"}],"predecessor-version":[{"id":2209,"href":"https:\/\/intraplan.digital\/index.php\/wp-json\/wp\/v2\/pages\/4\/revisions\/2209"}],"wp:attachment":[{"href":"https:\/\/intraplan.digital\/index.php\/wp-json\/wp\/v2\/media?parent=4"}],"curies":[{"name":"wp","href":"https:\/\/api.w.org\/{rel}","templated":true}]}}